{"id":7657,"date":"2025-02-04T11:31:29","date_gmt":"2025-02-04T11:31:29","guid":{"rendered":"https:\/\/widileads.com\/?page_id=7657"},"modified":"2025-11-24T14:04:11","modified_gmt":"2025-11-24T14:04:11","slug":"politica-de-privacidad","status":"publish","type":"page","link":"https:\/\/widileads.com\/?page_id=7657&lang=es","title":{"rendered":"Pol\u00edtica de Privacidad"},"content":{"rendered":"<p>[vc_row][vc_column][vc_column_text]<\/p>\n<p class=\"p1\"><b>\u00bfPara qu\u00e9 sirve esta Pol\u00edtica de Privacidad? <\/b><\/p>\n<p class=\"p2\">Esta Pol\u00edtica de Privacidad le servir\u00e1 para conocer c\u00f3mo y con qu\u00e9 fines tratamos o cedemos su informaci\u00f3n, as\u00ed como por cuanto tiempo; y los derechos que le asisten con respecto a la misma de acuerdo con la normativa vigente en materia de protecci\u00f3n de datos dentro de la Uni\u00f3n Europea, al ser Ud. un ciudadano europeo. De esta forma, la principal normativa aplicables ser\u00e1:<\/p>\n<p class=\"p2\">Esta Pol\u00edtica de Privacidad y Protecci\u00f3n de Datos est\u00e1 desarrollada en base a las siguientes normativas y leyes de protecci\u00f3n de datos:<\/p>\n<ul class=\"ul1\">\n<li class=\"li3\">Reglamento (UE) 2016\/679 del Parlamento Europeo y del Consejo, de 27 de abril de 2016, relativo a la protecci\u00f3n de las personas f\u00edsicas en lo que respecta al tratamiento de datos personales y a la libre circulaci\u00f3n de estos datos. En adelante RGPD.<\/li>\n<li class=\"li2\">Directiva 2000\/31\/CE del Parlamento Europeo y del Consejo, de 8 de junio de 2000, relativa a determinados aspectos jur\u00eddicos de los servicios de la sociedad de la informaci\u00f3n, en particular el comercio electr\u00f3nico en el mercado interior (Directiva sobre el comercio electr\u00f3nico; Y las transposiciones efectuadas por los distintos pa\u00edses a esta Directiva<\/li>\n<\/ul>\n<p class=\"p2\">De acuerdo con esta normativa, es necesario que Ud. reciba una informaci\u00f3n detallada de los tratamientos de datos personales que se llevan a cabo, con la finalidad de que, tenga un pleno conocimiento del uso de sus datos personales y que, cuando nos facilite su consentimiento, este sea plenamente informado.<\/p>\n<p class=\"p2\">En primer lugar, le informamos que, dentro de cada pa\u00eds de la UE, as\u00ed como en algunos terceros pa\u00edses, existen distintas Autoridades de Control que velan por el cumplimiento de la normativa en materia de protecci\u00f3n de datos de car\u00e1cter personas. Ud. Siempre podr\u00e1 dirigirse a estas entidades, en el caso de Espa\u00f1a es la\u00a0<a href=\"https:\/\/www.aepd.es\/es\"><span class=\"s2\">Agencia Espa\u00f1ola de Protecci\u00f3n de Datos .<\/span><\/a><\/p>\n<p class=\"p1\"><b>\u00bfQui\u00e9n es el responsable del tratamiento de sus datos?<\/b><\/p>\n<p class=\"p4\">para la venta de productos a trav\u00e9s sus p\u00e1ginas web, con domicilio en y C.I.F. B87936753\u00a0, constituido por escritura p\u00fablica otorgada ante <span class=\"s3\">Denominaci\u00f3n social:\u00a0<\/span>ECOMM MOVADGENCY SL<\/p>\n<ul class=\"ul1\">\n<li class=\"li5\">Domicilio social en C\/ Dubl\u00edn, 1 Las Rozas, Madrid, 28232<\/li>\n<li class=\"li5\">C.I.F: B87936753<\/li>\n<li class=\"li5\">Correo electr\u00f3nico: info@widileads.com<\/li>\n<li class=\"li6\">Datos inscripci\u00f3n registro mercantil de Notario P\u00fablico de Madrid, D\u00d1A. MARIA EUGENIA REVIRIEGO PIC\u00d3N, el 17 de octubre de 2017, con el n\u00famero 2.154 de su protocolo, e inscrita en el Registro Mercantil de Madrid, en el Tomo 36546, Folio145, P\u00e1gina no. M-656418, entrada<\/li>\n<\/ul>\n<p class=\"p7\"><b>\u00bfQu\u00e9 datos personales tratamos?<\/b><\/p>\n<p class=\"p8\">\u00danicamente tratamos los datos personales que Ud. nos facilita en sus formularios: Nombre, apellido, email, tel\u00e9fono, sexo y c\u00f3digo postal, vinculado con las respuestas que Ud. ha facilitado en su formulario.<\/p>\n<p class=\"p7\"><b>\u00bfCon qu\u00e9 finalidad utilizamos sus datos personales?<\/b><b><\/b><\/p>\n<p class=\"p8\">El tratamiento de sus datos de car\u00e1cter personal se utiliza con la finalidad de:<\/p>\n<ul class=\"ul1\">\n<li class=\"li8\"><span class=\"s2\">Atender sus solicitudes de informaci\u00f3n: <\/span>Cuando Ud. cumplimiento nuestro formulario, nos facilita informaci\u00f3n necesaria para poder atender su petici\u00f3n de informaci\u00f3n. Por ello, sus datos se utilizar\u00e1n para poder enviar las comunicaciones comerciales que Ud. nos solicita cuando cumplimenta nuestros formularios manifest\u00e1ndonos su inter\u00e9s en que le facilitemos informaci\u00f3n comercial o para que comuniquemos sus datos a terceras personas para que sean estos los que les remitan las comunicaciones comerciales por Ud. solicitadas conforme a los intereses manifestados en las respuestas a nuestros cuestionarios.<\/li>\n<li class=\"li8\"><span class=\"s2\">Para enviar comunicaciones comerciales: <\/span>Igualmente despu\u00e9s de finalizar el formulario Ud. podr\u00e1 manifestar y consentir su inter\u00e9s en recibir comunicaciones comerciales publicidad y promociones, tanto de nuestra compa\u00f1\u00eda y Como de los terceros identificados en nuestra web y en nuestra pol\u00edtica de privacidad, en relaci\u00f3n con los productos y\/o servicios que comercializan. En todo caso, Ud. nos podr\u00e1 facilitar el consentimiento de manera individualizada en relaci\u00f3n con las compa\u00f1\u00edas de las que quiere recibir comunicaciones comerciales.<\/li>\n<\/ul>\n<p class=\"p9\"><b>\u00bfQu\u00e9 base jur\u00eddica exige para legitimar el tratamiento de sus datos personales?<\/b><b><\/b><\/p>\n<p class=\"p8\">Existen distintas bases diferenciadas para poder llevar a cabo el tratamiento de sus datos personales:<\/p>\n<ul class=\"ul1\">\n<li class=\"li8\">Atender sus solicitudes de informaci\u00f3n: Para ello, el tratamiento se efectuar\u00e1 en base al inter\u00e9s leg\u00edtimo del responsable.<\/li>\n<li class=\"li8\">Para el env\u00edo de comunicaciones comerciales, ser\u00e1 necesario como base legitimadora del tratamiento el hecho de que Ud. manifieste su consentimiento espec\u00edfico y libre cuando Ud. nos facilite sus datos personales.<\/li>\n<\/ul>\n<p class=\"p9\"><b>\u00bfDurante cu\u00e1nto tiempo conservamos sus datos?<\/b><\/p>\n<p class=\"p8\">Utilizamos sus datos durante el tiempo estrictamente necesario para cumplir las finalidades indicadas anteriormente. Salvo que exista una obligaci\u00f3n o requerimiento legal, los plazos de conservaci\u00f3n previstos son:<\/p>\n<ul class=\"ul1\">\n<li class=\"li8\"><span class=\"s2\">Atenci\u00f3n a sus solicitudes de informaci\u00f3n:<\/span> Los datos de tu perfil y los obtenidos por tu respuesta a los formularios que aparecen en nuestra p\u00e1gina web se conservar\u00e1n hasta que Ud. revoque su consentimiento. En todo caso, transcurrido el plazo de un a\u00f1o sin que abra nuestras comunicaciones o muestre inter\u00e9s por las mismas sus datos ser\u00e1n bloqueados.<\/li>\n<\/ul>\n<ul class=\"ul1\">\n<li class=\"li8\"><span class=\"s2\">Para el env\u00edo de comunicaciones:<\/span> Sus datos personales se conservan mientras Ud. no solicite la supresi\u00f3n de los mismos o revoque su consentimiento. En todo caso, transcurrido el plazo de un a\u00f1o sin que abra nuestras comunicaciones o muestre inter\u00e9s por las mismas sus datos ser\u00e1n bloqueados.<\/li>\n<\/ul>\n<p class=\"p9\"><b>\u00bfA qui\u00e9n comunicamos sus datos personales?<\/b><b><\/b><\/p>\n<p class=\"p8\">Tanto para la atenci\u00f3n a sus solicitudes de informaci\u00f3n, como para que puedan remitirle comunicaciones comerciales, cuando Ud. nos haya otorgado su consentimiento expreso e individual, sus datos personales podr\u00e1n cederse a:<\/p>\n<ul class=\"ul1\">\n<li class=\"li8\"><b>Ecomm Movadgency<\/b>: M\u00e1s informaci\u00f3n acerca de la\u00a0<a href=\"https:\/\/e-com7.com\/privacy.php\"><span class=\"s4\">pol\u00edtica de privacidad<\/span><\/a><\/li>\n<li><b>Agencia Negociadora PB, S.L.<\/b>: M\u00e1s informaci\u00f3n acerca de la\u00a0<a href=\"https:\/\/www.agencianegociadora.com\/politica-de-privacidad\"><span class=\"s4\">pol\u00edtica de privacidad<\/span><\/a><\/li>\n<li><b>MULTALIA ESPA\u00d1A SERVICIOS JURIDICOS, SLU.<\/b>: M\u00e1s informaci\u00f3n acerca de la\u00a0<a href=\"https:\/\/www.multalia.com\/politica-de-privacidad\"><span class=\"s4\">pol\u00edtica de privacidad<\/span><\/a><\/li>\n<li class=\"li8\"><b>TotalEnergies<\/b>: M\u00e1s informaci\u00f3n acerca de la\u00a0<a href=\"https:\/\/www.totalenergies.es\/es\/politica-de-privacidad\"><span class=\"s4\">pol\u00edtica de privacidad<\/span><\/a><\/li>\n<li><strong>Sociedad Xfera M\u00f3viles, S.A.U\u00a0<\/strong>M\u00e1s informaci\u00f3n acerca de la\u00a0<a href=\"https:\/\/www.masmovil.es\/politica-privacidad-web-apps\"><span class=\"s4\">pol\u00edtica de privacidad<\/span><\/a><\/li>\n<li><strong>Ricmont 2012 SL<\/strong>\u00a0M\u00e1s informaci\u00f3n acerca de la\u00a0<a href=\"https:\/\/www.elcomparadorseguro.es\/politica-privacidad\/\"><span class=\"s4\">pol\u00edtica de privacidad<\/span><\/a><\/li>\n<li><strong>E-LUZ ENERGY SOLUTIONS, S.L.<\/strong>\u00a0M\u00e1s informaci\u00f3n acerca de la\u00a0<a href=\"https:\/\/neoluxenergy.com\/politica-privacidad\/\"><span class=\"s4\">pol\u00edtica de privacidad<\/span><\/a><\/li>\n<li><strong>Repsol Comercializadora de Electricidad y Gas, S.L.U. <\/strong>\u00a0M\u00e1s informaci\u00f3n acerca de la\u00a0<a href=\"https:\/\/www.repsol.es\/particulares\/hogar\/luz-y-gas\/condiciones-potenciales\/\"><span class=\"s4\">pol\u00edtica de privacidad<\/span><\/a><\/li>\n<li><strong>Iberdrola Clientes S.A.U.<\/strong>\u00a0M\u00e1s informaci\u00f3n acerca de la\u00a0<a href=\"https:\/\/neoluxenergy.com\/politica-privacidad\/\"><span class=\"s4\">pol\u00edtica de privacidad<\/span><\/a><\/li>\n<li><strong>MORTGAGE DIRECT S.L.U. <\/strong>\u00a0M\u00e1s informaci\u00f3n acerca de la\u00a0<a href=\"https:\/\/www.bayteca.com\/documents\/politica-de-privacidad.pdf\"><span class=\"s4\">pol\u00edtica de privacidad<\/span><\/a><\/li>\n<li><strong>THE FINTECH LABORATORY, S.L<\/strong>\u00a0 M\u00e1s informaci\u00f3n acerca de la <a href=\"https:\/\/www.solucionamideuda.es\/politica-privacidad\/\"><span class=\"s4\">pol\u00edtica de privacidad<\/span><\/a><\/li>\n<li><strong>HELVETIA COMPA\u00d1\u00cdA SUIZA SOCIEDAD AN\u00d3NIMA DE SEGUROS Y REASEGUROS<\/strong>: M\u00e1s informaci\u00f3n acerca de la\u00a0<a href=\"https:\/\/www.helvetia.es\/politica-de-privacidad\" target=\"_blank\" rel=\"noopener\" data-saferedirecturl=\"https:\/\/www.google.com\/url?q=https:\/\/www.helvetia.es\/politica-de-privacidad&amp;source=gmail&amp;ust=1742396387474000&amp;usg=AOvVaw2C2tAuIlO79bObQ0hddUFR\">pol\u00edtica de privacidad<\/a><\/li>\n<li><label for=\"m_-3499113843129151470advertiser-67a9c9a025bdb59ef8009e83\"><span style=\"font-family: arial, sans-serif;\"><strong>Vilax GTS SL<\/strong>: M\u00e1s informaci\u00f3n acerca de la\u00a0<a href=\"https:\/\/www.gtsseguros.es\/politica-de-privacidad\/\" target=\"_blank\" rel=\"noopener\" data-saferedirecturl=\"https:\/\/www.google.com\/url?q=https:\/\/www.gtsseguros.es\/politica-de-privacidad\/&amp;source=gmail&amp;ust=1742396387474000&amp;usg=AOvVaw1fgW38qLJoP3P1rsLKKVoO\">pol\u00edtica de privacidad<\/a><\/span><\/label><label for=\"m_-3499113843129151470advertiser-67a9c9a025bdb59ef8009e83\"><br \/>\n<\/label><\/li>\n<li><label for=\"m_-3499113843129151470advertiser-67a9c9a025bdb59ef8009e83\"><span style=\"font-family: arial, sans-serif;\"><strong>GRUPO ICELAND TYCO S.L.U<\/strong>: M\u00e1s informaci\u00f3n acerca de la\u00a0<a href=\"https:\/\/energiasgratis.com\/politica_privacidad\" target=\"_blank\" rel=\"noopener\" data-saferedirecturl=\"https:\/\/www.google.com\/url?q=https:\/\/www.gtsseguros.es\/politica-de-privacidad\/&amp;source=gmail&amp;ust=1742396387474000&amp;usg=AOvVaw1fgW38qLJoP3P1rsLKKVoO\">pol\u00edtica de privacidad<\/a><\/span><\/label><\/li>\n<li><label for=\"m_-3499113843129151470advertiser-67a9c9a025bdb59ef8009e83\"><span style=\"font-family: arial, sans-serif;\"><strong>GRUPO ICELAND TYCO S.L.U (Telefon\u00eda)<\/strong>: M\u00e1s informaci\u00f3n acerca de la\u00a0<a href=\"https:\/\/toptarifas.es\/telco\/politica_privacidad.html\" target=\"_blank\" rel=\"noopener\" data-saferedirecturl=\"https:\/\/www.google.com\/url?q=https:\/\/www.gtsseguros.es\/politica-de-privacidad\/&amp;source=gmail&amp;ust=1742396387474000&amp;usg=AOvVaw1fgW38qLJoP3P1rsLKKVoO\">pol\u00edtica de privacidad<\/a><\/span><\/label><\/li>\n<li><label for=\"m_-3499113843129151470advertiser-67a9c9a025bdb59ef8009e83\"><span style=\"font-family: arial, sans-serif;\"><strong>GRUPO ICELAND TYCO S.L.U(Energ\u00eda)<\/strong>\u00a0M\u00e1s informaci\u00f3n acerca de la\u00a0<a href=\"https:\/\/toptarifas.es\/energia\/politica_privacidad.html\" target=\"_blank\" rel=\"noopener\" data-saferedirecturl=\"https:\/\/www.google.com\/url?q=https:\/\/www.gtsseguros.es\/politica-de-privacidad\/&amp;source=gmail&amp;ust=1742396387474000&amp;usg=AOvVaw1fgW38qLJoP3P1rsLKKVoO\">pol\u00edtica de privacidad<\/a><\/span><\/label><\/li>\n<li><label for=\"m_-3499113843129151470advertiser-67a9c9a025bdb59ef8009e83\"><span style=\"font-family: arial, sans-serif;\"><strong>MARTINEZ &amp; HERVAS MARKETING, S.L<\/strong>.\u00a0M\u00e1s informaci\u00f3n acerca de la <a href=\"https:\/\/dental.weloveseguros.com\/?wtrd_offer_id=68cd3480c052dd9fe50150b7&amp;wtrd_offer_pids=68cd3565033622d256021214\" target=\"_blank\" rel=\"noopener\" data-saferedirecturl=\"https:\/\/www.google.com\/url?q=https:\/\/www.gtsseguros.es\/politica-de-privacidad\/&amp;source=gmail&amp;ust=1742396387474000&amp;usg=AOvVaw1fgW38qLJoP3P1rsLKKVoO\">pol\u00edtica de privacidad<\/a><\/span><\/label><\/li>\n<\/ul>\n<p class=\"p9\"><b>\u00bfCu\u00e1les son los derechos que le amparan?<\/b><\/p>\n<p class=\"p8\">En todas las comunicaciones comerciales se indicar\u00e1 siempre la direcci\u00f3n de correo electr\u00f3nico en la que pueda ejercer su derecho de oposici\u00f3n al tratamiento de sus datos con fines promocionales. Cualquier otra solicitud para el ejercicio de derechos, deber\u00e1 acompa\u00f1arse con copia del documento que acredite su identidad. Igualmente, de acuerdo con los t\u00e9rminos establecidos en la legislaci\u00f3n vigente, puede Ud. revocar en cualquier momento los consentimientos que nos haya facilitado.<\/p>\n<p class=\"p5\">Cualquier persona f\u00edsica podr\u00e1 dirigirse al responsable del tratamiento identificado en el apartado Responsable o, en caso de que hayamos cedido sus datos, acudiendo a las pol\u00edticas de privacidad correspondientes.<\/p>\n<p class=\"p5\">Los derechos que podr\u00e1 ejercitar con respecto al tratamiento de sus datos personales son:<\/p>\n<ol class=\"ol1\">\n<li class=\"li5\"><span class=\"s2\">Acceso<\/span>: tendr\u00e1 Ud. derecho a conocer si estamos tratando sus datos personales, as\u00ed como los fines de dicho tratamiento, las categor\u00edas de datos personales, los destinatarios a los que se comuniquen sus datos, el plazo de conservaci\u00f3n de los mismos, as\u00ed como la informaci\u00f3n disponible sobre la fuente de obtenci\u00f3n de los mismos.<\/li>\n<li class=\"li5\"><span class=\"s2\">Rectificaci\u00f3n<\/span>: de los datos inexactos.<\/li>\n<li class=\"li5\"><span class=\"s2\">Supresi\u00f3n<\/span> (derecho al olvido): cuando, entre otros motivos, los datos ya no sean necesarios para los fines que fueron recogidos.<\/li>\n<li class=\"li5\"><span class=\"s2\">Limitaci\u00f3n<\/span>: cuando se impugne la exactitud de los datos, durante el plazo de verificaci\u00f3n de los mismos, cuando sean necesarios para el ejercicio o defensa de reclamaciones; o cuando se oponga el interesado a la supresi\u00f3n de los mismos, o al tratamiento de estos, mientras se verifica la existencia de inter\u00e9s leg\u00edtimo.<\/li>\n<li class=\"li5\"><span class=\"s2\">Portabilidad de sus datos<\/span>: tendr\u00e1 derecho a recibir sus datos en un formato estructurado, de uso com\u00fan y lectura mec\u00e1nica, y a transmitir los mismos a otro responsable.<\/li>\n<li class=\"li5\"><span class=\"s2\">Oposici\u00f3n<\/span>: tendr\u00e1 derecho a oponerse en cualquier momento, por motivos relacionados con su situaci\u00f3n particular, al tratamiento de sus datos con base en un inter\u00e9s p\u00fablico o leg\u00edtimo del responsable; tras lo que dejar\u00e1n de tratarse los datos, salvo por motivos leg\u00edtimos imperiosos, o el ejercicio o la defensa de posibles reclamaciones.<\/li>\n<li class=\"li5\"><span class=\"s2\">Decisiones individuales automatizadas<\/span>: tendr\u00e1 derecho a no ser objeto de una decisi\u00f3n basada \u00fanicamente en el tratamiento automatizado, incluida la elaboraci\u00f3n de perfiles, pudiendo solicitar intervenci\u00f3n humana en los casos legalmente previstos.<\/li>\n<\/ol>\n<p class=\"p5\">Adicionalmente, tambi\u00e9n tiene el derecho a presentar una reclamaci\u00f3n ante la Agencia Espa\u00f1ola de Protecci\u00f3n de Datos.<\/p>\n<p>[\/vc_column_text][\/vc_column][\/vc_row]<\/p>\n","protected":false},"excerpt":{"rendered":"<p>[vc_row][vc_column][vc_column_text] \u00bfPara qu\u00e9 sirve esta Pol\u00edtica de Privacidad? Esta Pol\u00edtica de Privacidad le servir\u00e1 para conocer c\u00f3mo y con qu\u00e9 [&hellip;]<\/p>\n","protected":false},"author":1,"featured_media":0,"parent":0,"menu_order":0,"comment_status":"closed","ping_status":"closed","template":"","meta":{"footnotes":""},"class_list":["post-7657","page","type-page","status-publish","hentry"],"_links":{"self":[{"href":"https:\/\/widileads.com\/index.php?rest_route=\/wp\/v2\/pages\/7657","targetHints":{"allow":["GET"]}}],"collection":[{"href":"https:\/\/widileads.com\/index.php?rest_route=\/wp\/v2\/pages"}],"about":[{"href":"https:\/\/widileads.com\/index.php?rest_route=\/wp\/v2\/types\/page"}],"author":[{"embeddable":true,"href":"https:\/\/widileads.com\/index.php?rest_route=\/wp\/v2\/users\/1"}],"replies":[{"embeddable":true,"href":"https:\/\/widileads.com\/index.php?rest_route=%2Fwp%2Fv2%2Fcomments&post=7657"}],"version-history":[{"count":16,"href":"https:\/\/widileads.com\/index.php?rest_route=\/wp\/v2\/pages\/7657\/revisions"}],"predecessor-version":[{"id":7692,"href":"https:\/\/widileads.com\/index.php?rest_route=\/wp\/v2\/pages\/7657\/revisions\/7692"}],"wp:attachment":[{"href":"https:\/\/widileads.com\/index.php?rest_route=%2Fwp%2Fv2%2Fmedia&parent=7657"}],"curies":[{"name":"wp","href":"https:\/\/api.w.org\/{rel}","templated":true}]}}